{"id":104,"date":"2019-06-23T11:04:37","date_gmt":"2019-06-23T09:04:37","guid":{"rendered":"http:\/\/filmklub-holger.dk\/?page_id=104"},"modified":"2019-12-09T08:51:33","modified_gmt":"2019-12-09T07:51:33","slug":"gdpr","status":"publish","type":"page","link":"https:\/\/filmklub-holger.dk\/?page_id=104","title":{"rendered":"GDPR"},"content":{"rendered":"\n<p>Vi bruger Nemtilmeld, som medlemssystem og det overholder EU&#8217;s Persondataforordning af 25. maj 2018. Der ud over har vi gennemg\u00e5et alle vores arbejdsgange i klubben, s\u00e5 vi har fokus p\u00e5 hvordan vi h\u00e5ndterer vores medlemmers og de frivilliges data.<\/p>\n\n\n\n<p>Vi eftersp\u00f8rger kun de mest n\u00f8dvendige informationer p\u00e5 vores medlemmer og n\u00e5r vi beder om f\u00f8dselsdato og k\u00f8n skyldes det, at disse informationer er et krav i forbindelse med opn\u00e5else af medlemstilskud. Hvis klubben bliver udtrukket til revision af fx kommunen eller Dansk Ungdoms F\u00e6llesr\u00e5d, som vi modtager medlemstilskud fra, s\u00e5 bliver vi bedt om at udlevere information om vores medlemmer til et revisionsfirma, som vil lave stikpr\u00f8vekontrol. Dette er det eneste tilf\u00e6lde, hvor vi vil udlevere information om klubbens medlemmer!<\/p>\n\n\n\n<p>Vi opbevarer kun data i fem \u00e5r, som p\u00e5kr\u00e6vet i forhold til lovgivning vedr. regnskaber.<\/p>\n\n\n\n<div class=\"wp-block-file\"><a href=\"https:\/\/filmklub-holger.dk\/wp-content\/uploads\/2019\/06\/Privatlivspolitik-Slangerup-B\u00f8rne-og-Ungdomsfilmklub-Holger.pdf\">Privatlivspolitik-Slangerup-B\u00f8rne-og-Ungdomsfilmklub-Holger<\/a><a href=\"https:\/\/filmklub-holger.dk\/wp-content\/uploads\/2019\/06\/Privatlivspolitik-Slangerup-B\u00f8rne-og-Ungdomsfilmklub-Holger.pdf\" class=\"wp-block-file__button\" download>Download<\/a><\/div>\n\n\n\n<div class=\"wp-block-file\"><a href=\"https:\/\/filmklub-holger.dk\/wp-content\/uploads\/2019\/06\/Personoplysninger-ved-tilmelding-til-filmklubben.pdf\">Personoplysninger-ved-tilmelding-til-filmklubben<\/a><a href=\"https:\/\/filmklub-holger.dk\/wp-content\/uploads\/2019\/06\/Personoplysninger-ved-tilmelding-til-filmklubben.pdf\" class=\"wp-block-file__button\" download>Download<\/a><\/div>\n","protected":false},"excerpt":{"rendered":"<p>Vi bruger Nemtilmeld, som medlemssystem og det overholder EU&#8217;s Persondataforordning af 25. maj 2018. Der ud over har vi gennemg\u00e5et alle vores arbejdsgange i klubben, s\u00e5 vi har fokus p\u00e5 hvordan vi h\u00e5ndterer vores medlemmers og de frivilliges data. Vi eftersp\u00f8rger kun de mest n\u00f8dvendige informationer p\u00e5 vores medlemmer og&#8230; <a class=\"continue-reading-link\" href=\"https:\/\/filmklub-holger.dk\/?page_id=104\"> Continue reading <span class=\"meta-nav\">&rarr; <\/span><\/a><\/p>\n","protected":false},"author":1,"featured_media":0,"parent":0,"menu_order":6,"comment_status":"closed","ping_status":"closed","template":"","meta":{"footnotes":""},"class_list":["post-104","page","type-page","status-publish","hentry"],"_links":{"self":[{"href":"https:\/\/filmklub-holger.dk\/index.php?rest_route=\/wp\/v2\/pages\/104","targetHints":{"allow":["GET"]}}],"collection":[{"href":"https:\/\/filmklub-holger.dk\/index.php?rest_route=\/wp\/v2\/pages"}],"about":[{"href":"https:\/\/filmklub-holger.dk\/index.php?rest_route=\/wp\/v2\/types\/page"}],"author":[{"embeddable":true,"href":"https:\/\/filmklub-holger.dk\/index.php?rest_route=\/wp\/v2\/users\/1"}],"replies":[{"embeddable":true,"href":"https:\/\/filmklub-holger.dk\/index.php?rest_route=%2Fwp%2Fv2%2Fcomments&post=104"}],"version-history":[{"count":7,"href":"https:\/\/filmklub-holger.dk\/index.php?rest_route=\/wp\/v2\/pages\/104\/revisions"}],"predecessor-version":[{"id":180,"href":"https:\/\/filmklub-holger.dk\/index.php?rest_route=\/wp\/v2\/pages\/104\/revisions\/180"}],"wp:attachment":[{"href":"https:\/\/filmklub-holger.dk\/index.php?rest_route=%2Fwp%2Fv2%2Fmedia&parent=104"}],"curies":[{"name":"wp","href":"https:\/\/api.w.org\/{rel}","templated":true}]}}