{"id":2,"date":"2016-05-10T03:48:21","date_gmt":"2016-05-10T03:48:21","guid":{"rendered":"http:\/\/filmklub-holger.dk\/?page_id=2"},"modified":"2026-05-10T09:29:43","modified_gmt":"2026-05-10T07:29:43","slug":"sample-page","status":"publish","type":"page","link":"https:\/\/filmklub-holger.dk\/","title":{"rendered":"Velkommen"},"content":{"rendered":"\n<p><mark style=\"background-color:rgba(0, 0, 0, 0)\" class=\"has-inline-color has-vivid-red-color\">Se film du kender &#8211; og film du ikke vidste, at du gerne vil se!<\/mark><\/p>\n\n\n\n<p><strong>Bliv medlem<br><\/strong>Vi \u00e5bner for tilmelding fredag den 28. august 2026 kl. 19. Foldere bliver delt ud p\u00e5 skolerne og i b\u00f8rnehaver i uge 33. Vi l\u00e6gger program i juni 2026. Se aktuelt program og tilmeldingsside p\u00e5 <a href=\"http:\/\/holger.nemtilmeld.dk\/\">holger.nemtilmeld.dk.<\/a><\/p>\n\n\n\n<p>Vi har samlet trailere til de film vi viser og her er linket til filmene fra 2025-26: <a href=\"https:\/\/qrfy.io\/p\/jIoLCWfENA\">du kan her se hvilke film vi byder p\u00e5<\/a>.<\/p>\n\n\n\n<p><strong>Sponser<br><\/strong>NemTilmeld har siden 2019 v\u00e6ret sponsor og gratis stillet deres system til r\u00e5dighed for os, men fra sommeren 2025 skal vi betale 2% af vores oms\u00e6tning. Vi betaler i forvejen de kortgebyrer, som bankerne opkr\u00e6ver, n\u00e5r der betales for medlemskab og har valgt at klubben til s\u00e6son 2025-26 ikke sender regningen for de \u00f8gede udgifter videre til vores medlemmer. S\u00e5 vores priser p\u00e5 medlemskaber er u\u00e6ndrede til s\u00e6son 2025-26, hvilket vi h\u00e5ber giver mange mulighed for at blive en del af f\u00e6llesskabet!<\/p>\n\n\n\n<p><strong>Medlemsinformation<\/strong><br>Vi f\u00e5r medlemstilskud til alle b\u00f8rn, s\u00e5 det er vigtigt at du tilmelder dit barn og ikke dig selv, n\u00e5r du melder b\u00f8rn ind i vores filmklub!<\/p>\n\n\n\n<p>Vi bruger ikke medlemskort, s\u00e5 i<span style=\"color: #000000;\"> biografen skal du blot sige dit navn, da vi krydser alle af inden indgang i salen og stempler en lille kanin p\u00e5 h\u00e5nden.<\/span><\/p>\n\n\n\n<p><strong>Om Holger<br><\/strong>S\u00e6son 2026-27 er 43. s\u00e6son for Slangerup B\u00f8rne- og Ungdomsfilmklub &#8211; Holger. Vi er med i landsorganisationen Danske B\u00f8rne- og Ungdomsfilmklubber (DaBUF).<\/p>\n","protected":false},"excerpt":{"rendered":"<p>Se film du kender &#8211; og film du ikke vidste, at du gerne vil se! Bliv medlemVi \u00e5bner for tilmelding fredag den 28. august 2026 kl. 19. Foldere bliver delt ud p\u00e5 skolerne og i b\u00f8rnehaver i uge 33. Vi l\u00e6gger program i juni 2026. Se aktuelt program og tilmeldingsside&#8230; <a class=\"continue-reading-link\" href=\"https:\/\/filmklub-holger.dk\/\"> Continue reading <span class=\"meta-nav\">&rarr; <\/span><\/a><\/p>\n","protected":false},"author":1,"featured_media":0,"parent":0,"menu_order":0,"comment_status":"closed","ping_status":"open","template":"","meta":{"footnotes":""},"class_list":["post-2","page","type-page","status-publish","hentry"],"_links":{"self":[{"href":"https:\/\/filmklub-holger.dk\/index.php?rest_route=\/wp\/v2\/pages\/2","targetHints":{"allow":["GET"]}}],"collection":[{"href":"https:\/\/filmklub-holger.dk\/index.php?rest_route=\/wp\/v2\/pages"}],"about":[{"href":"https:\/\/filmklub-holger.dk\/index.php?rest_route=\/wp\/v2\/types\/page"}],"author":[{"embeddable":true,"href":"https:\/\/filmklub-holger.dk\/index.php?rest_route=\/wp\/v2\/users\/1"}],"replies":[{"embeddable":true,"href":"https:\/\/filmklub-holger.dk\/index.php?rest_route=%2Fwp%2Fv2%2Fcomments&post=2"}],"version-history":[{"count":114,"href":"https:\/\/filmklub-holger.dk\/index.php?rest_route=\/wp\/v2\/pages\/2\/revisions"}],"predecessor-version":[{"id":492,"href":"https:\/\/filmklub-holger.dk\/index.php?rest_route=\/wp\/v2\/pages\/2\/revisions\/492"}],"wp:attachment":[{"href":"https:\/\/filmklub-holger.dk\/index.php?rest_route=%2Fwp%2Fv2%2Fmedia&parent=2"}],"curies":[{"name":"wp","href":"https:\/\/api.w.org\/{rel}","templated":true}]}}